f(u) = -3*u + 64. Calculate f(12).
28
Let n(t) = -t**2 - 5*t + 13. Determine n(-6).
7
Let f(m) = -8*m - 4. Calculate f(-2).
12
Let i(q) = -q**2 + 2*q. Give i(1).
1
Let j(x) = 2*x**2 + 15*x - 4. Determine j(-5).
-29
Let y(a) = a**3 - 47*a + 17. Give y(-7).
3
Let w(d) = 2*d**3 + 12*d**2 - 8*d + 4. Give w(-6).
52
Let p(u) = 289*u - 864. Calculate p(3).
3
Let d(m) = -6*m**3 - 2*m + 1. Give d(2).
-51
Let y(r) = -37*r**2 - r. What is y(-1)?
-36
Let c(a) = a + 19. Give c(-12).
7
Let r(y) = 3*y - 13. Calculate r(0).
-13
Let q(i) = -3*i - 18. Give q(-7).
3
Let p(n) = -40*n**2 - n - 1. Give p(-1).
-40
Let m(v) = v**3 + 26*v**2 + 70*v - 21. What is m(-23)?
-44
Let i(q) = -9*q + 405. Give i(45).
0
Let x(k) = -6*k**2 + 49*k + 36. Determine x(9).
-9
Let n(a) = -6*a**2 - 38*a + 8. Determine n(-7).
-20
Let g(r) = r + 27. What is g(0)?
27
Let q(k) = 9*k**2 - k - 1. What is q(-2)?
37
Let p(a) = -2*a**3 + 23*a**2 - 35*a + 46. What is p(10)?
-4
Let c(f) = -f + 2. What is c(6)?
-4
Let j(f) = 2*f**2 - 7*f - 10. What is j(-2)?
12
Let t(j) = 37*j - 42. Determine t(4).
106
Let r(p) = -5*p + 26. What is r(4)?
6
Let d(y) = y**3 + 9*y**2. Determine d(-9).
0
Let k(t) = -t**2 + 9*t + 6. Calculate k(-3).
-30
Let u(f) = -3*f - 38. Determine u(-11).
-5
Let o(c) = -c**2 - 6*c + 13. Give o(-6).
13
Let l(o) = 23*o. What is l(1)?
23
Let z(v) = -4*v**3 + v**2 + 3*v + 4. Calculate z(-3).
112
Let v(i) = -i**3 - 9*i**2 - 6. Give v(-9).
-6
Let n(b) = b**2 + 38*b + 106. Calculate n(-3).
1
Let t(m) = m**3 + 4*m**2 - 7*m + 11. Calculate t(-4).
39
Let j(r) = -52*r**2 + 8*r + 7. What is j(-1)?
-53
Let d(a) = 2*a - 47. What is d(24)?
1
Let x(t) = 2*t**2 + 19*t + 5. What is x(-9)?
-4
Let q(o) = 2*o**2 - 7*o - 26. Give q(-6).
88
Let o(s) = -6*s + 106. Give o(17).
4
Let o(i) = 5*i**3 - 55*i**2 - 5*i + 55. Determine o(11).
0
Let f(t) = 2*t**2 - 9*t + 8. Determine f(5).
13
Let p(o) = 13*o + 6. Determine p(-5).
-59
Let j(h) = 4*h - 2. Determine j(-6).
-26
Let u(w) = w**3 + w**2 - 30*w - 3. Give u(-6).
-3
Let t(b) = 4*b + 133. Determine t(-34).
-3
Let c(x) = -44*x + 1314. What is c(30)?
-6
Let p(z) = -z**3 - 6*z**2 + 3*z + 3. Give p(-6).
-15
Let u(i) = -i**2 + 9*i + 10. What is u(-1)?
0
Let r(u) = -u**2 - 22*u - 16. Calculate r(-21).
5
Let b(g) = g**3 + 9*g**2 + 3*g - 5. Determine b(-9).
-32
Let y(a) = -2*a**3 + 2*a**2 + 3. Determine y(3).
-33
Let x(m) = -m**3 + 9*m**2 + 4*m + 18. Determine x(9).
54
Let k(r) = 2*r**2 - 5*r - 3. Calculate k(5).
22
Let n(p) = -p**3 - 2*p**2 + 5*p + 3. What is n(-5)?
53
Let i(s) = -19*s + 5. Calculate i(-1).
24
Let s(o) = 2*o - 26. Calculate s(15).
4
Let f(z) = -z**2 + 7. Determine f(7).
-42
Let z(o) = 16*o**2 + 8*o + 3. Give z(-2).
51
Let z(m) = -m**3 + 8*m**2 - m - 24. Give z(6).
42
Let n(f) = 28*f + 1. What is n(1)?
29
Let o(t) = t**3 + 9*t**2 - 4*t - 1. Calculate o(-6).
131
Let n(p) = 4*p**3 + 22*p**2 - 24*p + 2. What is n(1)?
4
Let n(p) = -5*p + 50. Calculate n(10).
0
Let t(i) = i**3 + 5*i**2 + 2*i - 7. Calculate t(-5).
-17
Let t(o) = -o**3 - 8*o**2 - o - 3. What is t(-8)?
5
Let i(g) = 28*g**2 + g. What is i(1)?
29
Let r(k) = 4*k**2 + 31*k - 18. Determine r(-8).
-10
Let x(b) = 5*b + 7. Calculate x(-6).
-23
Let c(z) = z**3 + 6*z**2 + 4*z - 4. Calculate c(-4).
12
Let o(y) = 4*y + 287. Calculate o(-76).
-17
Let c(j) = j**2 + 6*j + 7. Calculate c(-3).
-2
Let x(v) = -v**2 - 43*v + 342. What is x(7)?
-8
Let d(l) = l**3 + 6*l**2 + 6*l - 3. Determine d(-5).
-8
Let j(a) = a**3 - a**2 - 9. Give j(0).
-9
Let w(s) = 3*s**2 - 4*s + 15. Give w(-6).
147
Let x(i) = -i**3 - 10*i**2 + 9*i - 5. Give x(-11).
17
Let j(n) = -n**2 - 3. Determine j(0).
-3
Let x(u) = -u**3 + 5*u**2 - 6*u + 27. Give x(5).
-3
Let z(v) = -v - 19. What is z(2)?
-21
Let i(h) = -13*h + 32. Determine i(0).
32
Let a(b) = -b**3 + 6*b**2 + 3*b - 20. Determine a(6).
-2
Let n(f) = 22*f - 4. What is n(0)?
-4
Let t(x) = x + 15. Determine t(-8).
7
Let g(n) = -n**3 + 5*n**2 + 7*n + 45. What is g(7)?
-4
Let s(k) = -k**2 - 5*k + 2. Give s(-4).
6
Let n(c) = c**2 - 3*c + 9. Determine n(6).
27
Let d(o) = o**2 - 9*o + 8. Determine d(5).
-12
Let q(w) = w**3 + 7*w**2 + 4*w - 8. What is q(-6)?
4
Let o(a) = -26*a - 3. Give o(-1).
23
Let k(x) = -x**3 - 9*x**2 - x + 12. Determine k(-9).
21
Let t(x) = -16*x - 41. Give t(-3).
7
Let z(q) = q**2 + 13*q - 18. Calculate z(-14).
-4
Let s(m) = 15*m - 257. What is s(17)?
-2
Let t(l) = -l. Calculate t(-8).
8
Let z(w) = w - 8. Determine z(11).
3
Let c(k) = 33*k + 5. Determine c(-1).
-28
Let z(u) = u**3 + 13*u**2 + 11*u - 10. Calculate z(-12).
2
Let f(v) = v**3 + 9*v**2 + 2*v - 4. Determine f(-9).
-22
Let w(q) = -q**3 + 6*q**2 - 19. What is w(6)?
-19
Let v(s) = 3*s - 19. Calculate v(0).
-19
Let k(c) = c**3 - 8*c**2 + 8*c - 156. Give k(9).
-3
Let n(b) = 81*b**2 + b - 1. Determine n(1).
81
Let r(i) = -i**2 - 15*i - 27. What is r(-10)?
23
Let h(g) = -9*g**2 + 43*g + 18. Give h(5).
8
Let u(f) = f**2 + 14*f + 4. Calculate u(-12).
-20
Let o(r) = r**2 + 20*r + 36. Give o(-13).
-55
Let k(b) = -9*b**2 + 32*b + 8. Determine k(4).
-8
Let u(s) = 2*s + 1. What is u(2)?
5
Let w(b) = -45*b + 17. Determine w(3).
-118
Let u(m) = 16*m - 6. Calculate u(-3).
-54
Let d(f) = f**3 - 6*f**2 - 39*f + 240. Calculate d(6).
6
Let n(k) = k**3 - 18*k**2 - 19*k - 5. What is n(19)?
-5
Let g(h) = -8*h**2 - 2*h + 1. Determine g(1).
-9
Let b(q) = q**2 + 14*q + 15. What is b(-7)?
-34
Let j(d) = d**3 - 3*d**2 + 2*d + 2. Give j(4).
26
Let i(z) = -2*z**2 + 18*z - 42. What is i(12)?
-114
Let r(t) = -t**2 - t - 10. Determine r(-7).
-52
Let p(m) = 8*m**3 - m**2 - 2*m - 4. Give p(2).
52
Let f(h) = h**2 - 3*h - 11. What is f(6)?
7
Let d(k) = -28*k**3 + k**2 - 1. Determine d(1).
-28
Let x(b) = -b + 54. Give x(26).
28
Let l(b) = -b**3 - 7*b**2 + 12*b + 11. What is l(-7)?
-73
Let v(x) = 54*x - 139. Determine v(3).
23
Let i(z) = -z**3 + 2*z - 3. Calculate i(-4).
53
Let j(i) = i**3 - 11*i**2 + 11*i + 3. Determine j(8).
-101
Let h(g) = -3*g + 9. Give h(7).
-12
Let q(c) = 9*c + 171. Give q(-19).
0
Let f(k) = k**3 - 14*k**2 + 25*k - 2. What is f(12)?
10
Let t(d) = -d**3 + 5*d**2 + 9*d + 5. Calculate t(7).
-30
Let p(g) = -g**3 + 7*g**2 + 9*g + 3. Give p(8).
11
Let c(j) = 5*j + 21. Give c(-11).
-34
Let a(c) = -20*c + 274. Give a(13).
14
Let a(q) = -10*q**2 + 3*q + 2. Determine a(-1).
-11
Let t(v) = -v**3 - v**2 + v + 57. Calculate t(0).
57
Let i(a) = a - 1. Give i(2).
1
Let f(c) = 2*c**2 + 9*c - 19. Determine f(-6).
-1
Let p(u) = u**3 + 13*u**2 + 22*u + 89. Give p(-12).
-31
Let h(w) = 25*w + 170. Determine h(-7).
-5
Let j(y) = 5*y. What is j(3)?
15
Let l(x) = 2*x**2 + 20*x + 13. Determine l(-10).
13
Let y(x) = -x**2 - 5*x + 4. Determine y(-10).
-46
Let i(q) = -4*q + 4. Calculate i(9).
-32
Let q(n) = -8*n - 103. Give q(-9).
-31
Let v(r) = r**2 - r - 10. Determine v(5).
10
Let l(a) = 7*a**2 - 9*a - 2. Give l(3).
34
Let v(l) = 6*l - 15. Determine v(7).
27
Let p(m) = 2*m**2 - 15*m - 25. Calculate p(8).
-17
Let j(f) = -f**2 - 21. What is j(0)?
-21
Let x(y) = 3*y**3 + 28*y**2 - 20*y - 20. What is x(-10)?
-20
Let t(v) = v**3 + 8*v**2 - 11*v - 12. Give t(-9).
6
Let n(g) = -g**2 + 69*g - 416. Calculate n(62).
18
Let t(i) = i**2 + 28*i - 110. Calculate t(-30).
-50
Let q(a) = 2*a - 10. Calculate q(3).
-4
Let g(w) = -w**3 - 2*w**2 + w + 1. Calculate g(-3).
7
Let r(x) = 83*x - 6. Calculate r(1).
77
Let j(p) = 2*p + 22. Determine j(-2).
18
Let x(b) = b**3 + 5*b**2 + 3*b - 7. Calculate x(-5).
-22
Let q(a) = -5*a - 19. What is q(-7)?
16
Let p(x) = x**3 + x**2 - 3*x + 4. Give p(-3).
-5
Let u(w) = -w**3 + 17*w**2 - 14*w + 6. Give u(16).
38
Let r(x) = 16*x + 271. Calculate r(-17).
-1
Let f(c) = 7*c - 23. Calculate f(4).
5
Let m(t) = 2*t**3 + 6*t**2 + 8*t + 10. What is m(-3)?
-14
Let g(y) = y**3 - 10*y**2 + 8*y + 10. Calculate g(9).
1
Let o(d) = -3*d**2 - 6*d - 5. Determine o(-5).
-50
Let p(x) = x**3 + 16*x**2 - 17*x + 4. Give p(-17).
4
Let k(h) = h**3 - 5*h**2 + 7*h - 4. Determine k(4).
8
Let b(a) = -a**2 + 2*a + 4. What is b(8)?
-44
Let i(z) = -z**2 + 3*z + 4. Determine i(5).
-6
Let v(q) = -q**3 - 4*q**2 + 9*q - 82. What is v(-7)?
2
Let a(c) = 8*c + 55. Calculate a(2).
71
Let d(l) = -l**2 + 6*l - 5. Give d(5).
0
Let k(c) = 2*c - 115. Determine k(31).
-53
Let f(i) = 8*i + 87. What is f(-10)?
7
Let r(q) = q**2 + q - 11. Determine r(5).
19
Let s(d) = 3*d**3 + 2